3 + (10 - 2 - 17) + 9?
33
Evaluate -1 + -1 + -12 - (26 + (-46 - -19)).
-13
Calculate -21 + 6 + 9 + (-5 + 1 - -10).
0
Evaluate (-89 - (26 + -104)) + -1 + -2.
-14
Evaluate -4 + (4 - 5 - 3) + 8 + -5.
-5
Calculate -21 + (-35 - -26 - -17).
-13
-3 - 8 - 0 - -8
-3
Evaluate -2 - (-4 + 21 + -15).
-4
Calculate -3 - (-7 + -18 + 22).
0
What is the value of (-3 + 2 - (10 + -5)) + 0 + 6?
0
Calculate -15 - (7 - 2) - (4 + -12).
-12
Calculate (-17 + 7 - -26) + (0 - 4).
12
What is -9 + -10 + (-19 - -39)?
1
What is -1 + (-2 - -3) - ((-52 - -25) + 19)?
8
-1 - (8 - 21) - 1
11
Calculate (-4 - -2) + -3 - -1 - (-29 - -23).
2
-8 + (10 - -3) + -6 + -26
-27
What is 1 - -2 - (19 - 4 - 4)?
-8
What is the value of 2 + ((5 - 21) + (4 - 1) - -4)?
-7
Calculate (-49 - -38) + (8 - (0 + 3 + 0)).
-6
Evaluate 6 - (32 - (-7 + 14) - (-7 - -11)).
-15
What is the value of (1 - 9) + 12 + -13 + 9?
0
What is (1 - 14 - (-184 + 171)) + 21 + 1?
22
What is (74 - 70) + (2 - 9) - -6?
3
What is the value of (-28 - (8 - 22)) + 5?
-9
Evaluate 41 - (2 - (-1 - 10)).
28
-2 - (-7 - -5) - (0 + 26 - 11)
-15
Evaluate 42 - 39 - (3 + 0).
0
What is the value of (-8 - -4) + (-1 + -3 - 1)?
-9
What is the value of (-28 - -14) + 5 - -4?
-5
Evaluate (341 - 350) + -13 + 0.
-22
Evaluate 9 + (-16 - (13 + -23)).
3
Calculate (-13 - -3) + (-78 - -75).
-13
1 - 4 - -3 - (-9 - -6 - -8)
-5
Calculate (-18 - 2) + 51 + -47.
-16
What is the value of -9 + -9 + 52 + 10 - 14?
30
-6 - (-15 - (-11 - 3))
-5
What is the value of 3 + 11 + (-20 - -7)?
1
What is -57 + (-51 + 40 - -53)?
-15
What is 4 + (296 + -303 - (4 - -1))?
-8
What is 7 + -29 + 0 + 4 - -5?
-13
Calculate -6 - -6 - -6 - (-13 + 22).
-3
Evaluate -31 + 20 + 23 + -19.
-7
What is the value of -1 + -1 + -1 - (19 + -49 + 26)?
1
What is 1 - (-35 + (-7 - -5 - (10 + -22)))?
26
0 + (6 - (26 + 1 + -49 + 53))
-25
(46 - ((-3 - -15) + 3)) + 1
32
-2 + -3 - (-11 + 4 + (7 - -6))
-11
Calculate (-7 - -3) + 13 + -16 + -15.
-22
What is -47 + (11 - 10) - -12 - -13?
-21
Calculate -21 + (8 + (11 - 26) - -13).
-15
What is (-2 - (3 + 3)) + 6 - -25?
23
What is the value of (3 - 38) + 22 - -27?
14
What is the value of -8 - -19 - (-5 - (3 + (0 - 5)))?
14
What is 8 + -11 + (-1 - -7)?
3
17 - (4 + (4 - 2))
11
Calculate 3 + 2 + 0 - (341 - 331).
-5
What is (-18 - (-2 - (11 - 4))) + 5?
-4
Calculate 0 + 8 + -44 + 72 + -28.
8
Evaluate -9 + -23 + (-19 - -38).
-13
Evaluate (21 - 25 - (-8 - (3 + -5))) + -2.
0
What is the value of 12 - (-3 + -6 + 8)?
13
0 + (-17 - (6 + -14))
-9
2 + -4 + -2 + (-3 - 0) + 8
1
Evaluate 21 + -6 - (-9 - (6 - 9)).
21
(-7 - (-1 + (-7 - -12) - 20)) + -6
3
Evaluate 0 + (4 - -16) - (13 - 30 - -19).
18
Calculate -9 + (-8 - -12) + 4.
-1
Evaluate (-1 - 3) + 17 - 24.
-11
(-14 - 0) + 18 + -6
-2
Evaluate -14 - 2 - (-6 + 16 + -32).
6
Evaluate 1 + 5 - (24 + 1 + -20).
1
Calculate -11 - ((-4 - -1) + (-5 - -1)).
-4
Evaluate -239 + 195 + 18 + 3.
-23
What is 61 + (-18 - (49 - 35))?
29
What is (4 - 16) + 5 + (-11 - 0)?
-18
What is -19 + 60 + -38 + -35?
-32
What is the value of -12 + (-23 + 43 - 0)?
8
Evaluate -4 + (-3 - -16 - 1 - (61 - 56)).
3
(-25 - -38) + -11 + 11
13
What is the value of -1 - -3 - -5 - (3 + 6 - 4)?
2
338 + -317 - (21 + 0)
0
Evaluate (0 - 16) + 58 + -68 + 15 + -1.
-12
Evaluate 8 + (-1 - (-6 - ((-2 - 5) + -5))).
1
What is the value of (63 - 68) + 0 + 2?
-3
(24 - -2 - 25) + 9
10
Evaluate (-12 - -3) + 15 + 1 + -17.
-10
Evaluate 2 + -9 + 21 + -20.
-6
Evaluate 2 + 10 - -3 - 7.
8
Calculate -7 - -5 - -21 - -10.
29
Calculate -1 - (16 + 6 + (-8 - 0)).
-15
9 - (3 + (-1 - (5 - 13)))
-1
-8 - (-13 - (21 - 24))
2
Evaluate -2 + (-4 + -4 - -5) + -4 + 2.
-7
2 + (5 - 6 - 2) + -6
-7
Evaluate -4 - ((13 - (-5 - -17)) + (12 - -2)).
-19
18 - (-26 + (-15 - -37))
22
Calculate 1 - (4 + -6 + (-9 - -13)).
-1
What is the value of 15 - ((13 + -3 - (-3 + 8)) + -4)?
14
What is (1 - 7) + 24 + -31 + 9?
-4
What is the value of 18 + -16 + -8 + (13 - -1)?
8
What is the value of -14 - (6 + -10 + 2 + 2 + 6)?
-20
Evaluate 1 + 4 + 1 + (-3 - -2) - -7.
12
What is 1 - (18 + -16 + -5 + 1 - -1)?
2
What is the value of 9 - (-4 - (-5 + 4 + -7 - -3))?
8
What is -18 + (19 - (14 + -17))?
4
What is the value of 8 - (10 + (-5 - -6))?
-3
What is the value of 5 + -7 + (10 + 11 - 11)?
8
What is the value of (-2 - (-10 + -5 + 22)) + 15?
6
-32 + 1 + 58 + -42
-15
What is the value of -27 + 20 - (-2 + 8 - -3)?
-16
Calculate (4 + 5 + -10 - 5) + -5.
-11
Evaluate -11 - (-12 + 28 - 22).
-5
Calculate 38 + (4 - (-8 - -10)) + -18.
22
Evaluate -18 - (9 - 7) - -12.
-8
(-7 - -7) + -6 - -9 - (0 + 2)
1
15 + -1 + (-324 - -321)
11
What is -15 + -4 + 44 + -15?
10
Calculate 2 + -23 + -2 + -38 + 47.
-14
Evaluate -2 - (36 - 29) - 6.
-15
Evaluate -393 + 347 + (-1 - (-21 - -2)).
-28
Evaluate 3 - 5 - -11 - 20.
-11
Calculate 145 - 127 - (10 + -1).
9
Calculate -6 - (5 + -9 + 10 + -7).
-5
What is the value of (1 - 9) + (3 - (-3 - -2)) - 7?
-11
Evaluate -18 + (-14 - -28) + 0.
-4
Evaluate 10 + (-8 - -1) + 2 + 9 + 0.
14
-15 - (-33 - (-32 - -19))
5
Evaluate -1 + (7 - 8) + 32 + -19.
11
What is the value of 2 - -11 - (7 + -8 + (-8 - -6))?
16
What is -3 + 8 - (20 + -31)?
16
Calculate 0 - 6 - (13 - (2 - (-1 - 0))).
-16
What is the value of 6 - (-14 + -16) - 20?
16
What is the value of (1 + -3 - -7) + -1 - (-14 - -29)?
-11
What is 14 - 0 - (19 + -40 + 31 + -15)?
19
11 - (-44 - -31 - (1 - -1) - -2)
24
What is the value of -1 - (10 + -8 - 12 - 2)?
11
Evaluate -7 + 5 - (-14 + (4 - -19)).
-11
0 - ((5 - -2) + 8 + 14 + -6)
-23
2 - (12 + -6 + -7 + (7 - 0))
-4
What is the value of -7 + (5 - -9) - (-32 + 41)?
-2
Calculate 14 - (8 + (-10 - (-6 - -12)) + 5).
17
Calculate 7 + -7 + 13 - (34 + -49).
28
Evaluate 72 - 44 - 48 - (-7 - 0).
-13
What is the value of (28 - (-26 + 48)) + -2 + -14?
-10
Calculate 24 + (-10 - (6 - -12)).
-4
What is the value of 6 + -2 + -25 + (-16 - -26)?
-11
Evaluate 37 + -35 + 18 - (-2 - -10).
12
55 + (-11 - 45) + -19 + -1
-21
What is the value of -10 - 1 - (5 + 4 + -3)?
-17
Calculate -5 + -13 + 0 + 5.
-13
What is the value of (4 - (7 + (-9 - 0))) + 6?
12
What is 19 - (21 + -7 - 5) - (7 - 1)?
4
What is the value of -26 - (10 + 5 + -4 + -13)?
-24
What is the value of -16 - -19 - (-9 + 17 - 8)?
3
Evaluate -40 - (-158 + 144 + (-3 - (-11 + -3))).
-37
Calculate -5 + -17 - (-1 - 3 - 3).
-15
What is the value of 240 + -251 + 5 + (5 - -10)?
9
Evaluate 5 - (-5 + 16 + -8).
2
What is -1 + 2 + (9 - 4) + -5 - -2?
3
What is the value of 2 + -23 - (190 - 192)?
-19
What is -9 - ((-14 - -20) + -31)?
16
What is the value of -2 + (2 - (-7 + (3 - 5))) - 1?
8
What is 8 - (-3 - (5 + (4 - 21)))?
-1
What is the value of 4 + (-27 - -5) + 8?
-10
Calculate (-1 - -38 - -14) + -42.
9
What is -5 + -2 - (55 + -74)?
12
What is 97 - 73 - (-3 + 32)?
-5
Calculate 14 + (-15 - -11 - -6).
16
5 - (5 - 2) - (15 - (-15 - -13))
-15
What is (-37 + 31 - 30) + 56?
20
What is -29 + (35 - -7 - 15)?
-2
Calculate -9 - (0 - 45 - (33 - 47)).
22
((16 - 10) + -9 - (4 - 1)) + -4
-10
Evaluate (-14 - -26) + (11 - 10) + 5.
18
Evaluate 15 + (7 - ((-2 - 8) + 7) - 8).
17
What is (4 - 2) + -15 + 98 + -104?
-19
-21 - (-7 + -11 + 2)
-5
Calculate 0 - 12 - -4 - (-2 + -15).
9
12 + (10 - 28) + -23 + 2 + 10
-17
What is the value of 7 - ((35 - 19) + (-1 - -6))?
-14
What is the value of (23 + 14 - 18) + -12?
7
-17 - -28 - (-9 - (-2 - -3 - 4))
17
What is -67 - -39 - (-6 - 11)?
-11
6 - (-3 - (-7 + -8))
-6
What is the value of 34 + (-11 - -31) + -14 + -14 + 0?
26
What is -1 + 23 - 52 - -28?
-2
What is the value of (6 - 6) + (-12 - -8)?
-4
-2 + -17 + (3 - -6) - (-3 - -2)
-9
What is -25 + 17 - (6 + 9 + -6)?
-17
1 + 2 + 1 + -41 + 23 + -6
-20
What is -3 - (7 - (4 - (-14 - -6)))?
2
Calculate 2 - (-13 - (23 + -12 - 8)).
18
What is the value of (-5 - (2 - 0)) + 10 + -10 + 5?
-2
What is the value of -10 - 28 - -68 - 24?
6
What is the value of -2 + (-6 - 1 - -12 - (5 - 1))?
-1
What is 82 - (25 + (58 - 40))?
39
Calculate -2 + (-1 - -5) + (7 - (-3 - -8)).
4
What is the value of 21 + (-7 - (6 - -21))?
-13
What is -25 + (-4 - 13) + 18?
-24
Evaluate 2 - (-11 + 24 + -6 + 6).
-11
What is the value of -2 + -37 - (-373 - -365)?
-31
(-8 - -9 - 8 - -13) + -21 + 2
-13
What is the value of -12 - (-2 + -3 + -2)?
-5
What is the value of -3 + 13 + 1 + (-42 - -35)?
4
Calculate -7 + 10 + 3 + 3 - 20.
-11
Evaluate -17 + (2 - (2 + 0)) - (-95 + 104).
-26
Calcu